at is the remainder when 22 is divided by d?
10
Let h = 25 + -3. Suppose -316 - 157 = -37*j - 29. What is the remainder when h is divided by j?
10
Let s = -2529 + 2554. Let g = -203 + 302. Calculate the remainder when g is divided by s.
24
Let t be ((-27)/12)/((-3)/108). Let l = t + -27. What is the remainder when l is divided by 28?
26
Suppose 0 = 14*t - 13*t - 5. Suppose 3*z - t*z + 130 = 0. Suppose 3*f - z + 17 = 0. Calculate the remainder when 45 is divided by f.
13
Suppose -3*t = -8*t + n + 22, -12 = -5*t - 4*n. Let p(r) = 7*r + 4. What is the remainder when p(1) is divided by t?
3
Let m(b) = b**3 - 2*b**2 - 2*b. Calculate the remainder when 431 is divided by m(4).
23
Let s(n) = 3*n**2 + 71*n - 195. What is the remainder when s(3) is divided by 42?
3
Suppose 2*j - 4*q - 44 = -2*q, 0 = -j + 5*q + 2. Calculate the remainder when 401 is divided by j.
23
Suppose 3*b = -b + 3*f + 7, -4*b - 2*f = -22. Suppose 0 = 5*g - 0*g. Suppose -b*a + 100 = -g*a. What is the remainder when 47 is divided by a?
22
Let y(u) = -u + 42. Let d be y(-11). Let h = d + -50. Calculate the remainder when 9 is divided by h.
0
Suppose u = -3*h + 891 + 662, -5*u - 539 = -h. Calculate the remainder when h is divided by 58.
55
Let z(n) = -3*n - 1. Let r be z(-6). Let g = r - 10. Calculate the remainder when 2/((-8)/3)*-36 is divided by g.
6
Calculate the remainder when 186 is divided by ((-3)/(-5))/((-13)/(-1040)).
42
Suppose 0 = -7*f + 6*f - 32. Calculate the remainder when 30 is divided by 3*4*(-4)/f*12.
12
Suppose 396 = 4*x + 3*z, 0 = 2*z + 5 - 13. Suppose 0 = -6*n + 3*n + x. Suppose -20 = -2*r + n. Calculate the remainder when r is divided by 6.
2
Let b = 360 + -148. Calculate the remainder when b is divided by 24.
20
Suppose 2*j + 2*y - 12 = j, -3*j + 16 = y. Let q = 86 - 80. Calculate the remainder when q is divided by j.
2
Suppose 0 = -6*d - 27 + 171. Calculate the remainder when d is divided by 13.
11
Let p(v) = -2*v**3 - 23*v**2 - 14*v - 15. Let t = 71 - 18. What is the remainder when t is divided by p(-11)?
17
Suppose 36 = 3*i - 3*z, -i + 11 = -4*z - 4. What is the remainder when 318 is divided by i?
10
Let h = 1288 + -746. What is the remainder when h is divided by 78?
74
Suppose -2*l = -5*d + 60, d = 4*d - 5*l - 17. Calculate the remainder when d is divided by 2*(-1)/2*(-24)/3.
6
Let g = -23 - -23. Suppose g = 5*t - 14 - 1. What is the remainder when t is divided by 3?
0
What is the remainder when (24990/(-28) + 6)*6/(-9) is divided by 35?
31
Let u = -138 + 158. Suppose 76 = -4*i + 6*i. What is the remainder when i is divided by u?
18
Suppose -3*k + 6*h + 54 = 3*h, 0 = -2*h. Calculate the remainder when 207 is divided by k.
9
Let d be 1 - (14/(-4) + 11/22). Suppose 3*w = w + h + 205, d*h + 20 = 0. What is the remainder when w is divided by 26?
22
Let b be (2/4)/(6/24). Suppose b*p + 0*p + 28 = 0. Calculate the remainder when ((-68)/3)/(p/21) is divided by 9.
7
Suppose o - 3*a = -a + 25, -5*o = 5*a - 65. What is the remainder when o is divided by 15?
2
Let f be (-1)/(5/110)*-1. What is the remainder when 85 is divided by (-2)/(-2 - (-42)/f)?
19
Suppose -30 = -3*f - 3*o, o = -f - 2*o + 18. Suppose f = -3*b, 5*v + 0*b - 5*b = 180. Calculate the remainder when v is divided by 5/(130/4) - (-1232)/104.
10
Let b = 96 - 57. Let p = -15 + b. Calculate the remainder when 40 is divided by p.
16
Suppose -2*v + 111 - 35 = 0. Suppose y - 45 = 6*y. Let g = y + 19. Calculate the remainder when v is divided by g.
8
Suppose 2*l = -2 + 128. What is the remainder when 124 is divided by l?
61
Let m = 117 - 69. Let g be 6/4 + 21/2. What is the remainder when m is divided by 16 - 4*g/16?
9
Let w = 22 + -12. Suppose 3*q - q = -4*o + 40, 0 = -o + 3*q + w. Let f = 21 + 16. What is the remainder when f is divided by o?
7
Let n(h) = h**3 - 8*h + 29. Calculate the remainder when n(3) is divided by 20.
12
Suppose -v - 3*m + 86 - 12 = 0, 5*v - 3*m - 334 = 0. Calculate the remainder when 143 is divided by v.
7
Let q(x) = 2*x**3 + 2*x**2 - 2*x + 91. Let r(a) = a**3 + a**2 - 2*a + 90. Let o(z) = -2*q(z) + 3*r(z). Calculate the remainder when o(0) is divided by 23.
19
What is the remainder when 590 is divided by (21/14)/((-1)/(-36))?
50
Suppose 3*m = -3*b + 540, -6*m + 7*m = 6*b + 194. What is the remainder when m is divided by 95?
87
Let h = 962 + -892. Calculate the remainder when 138 is divided by h.
68
Let l(s) = -25*s - 2. Let c(m) = 19*m - 2. Let r be c(2). Let n = r + -11. What is the remainder when l(-2) is divided by n?
23
Let z(r) = r**3 - 8*r**2 + 3*r - 1. Let b = -17 + 25. Let c(x) = x**2 + 3*x - 5. Calculate the remainder when z(b) is divided by c(-6).
10
Suppose -3*g - 175 = -8*g. Suppose 0 = 3*x - 4*l - 63 + 16, 0 = -3*x - 4*l + 31. Suppose 0 = -2*z + g - x. What is the remainder when 41 is divided by z?
8
Let x(o) = -o**3 - 6*o**2 + o - 3. Suppose 7*u - 102 = 4*u - 5*l, -2*u + 60 = 2*l. What is the remainder when x(-7) is divided by u?
15
What is the remainder when 589 is divided by (-80)/(-6)*(-6)/(-8)?
9
Let v(b) = -b**2 + 6*b + 1. Let z = -10 - -16. Let t be v(z). Let a = t - -9. What is the remainder when 38 is divided by a?
8
Suppose -4 = -4*n + 12, 5*i - 52 = 2*n. Calculate the remainder when 40 is divided by i.
4
Let s = -383 - -472. Calculate the remainder when s is divided by 48.
41
Suppose y = -5*y. Suppose 56 = 7*n - y*n. Calculate the remainder when 39 is divided by n.
7
Suppose 4*j + 4 = c - 9, -3*j = c - 6. What is the remainder when c is divided by (-2)/4 - 26/(-4)?
3
Suppose 3*f + f - 50 = 2*q, 3*f + q - 35 = 0. What is the remainder when 23 is divided by f?
11
Suppose 3*d + 498 = 4*k + 183, 5*d - 350 = -5*k. What is the remainder when 188 is divided by k?
38
Calculate the remainder when 157 is divided by (-896)/(-48)*(-18)/(-7).
13
Let h(l) = 9*l - 2. Suppose 0 = 4*b - 5*b - 10. Let q = b + 26. What is the remainder when h(7) is divided by q?
13
Suppose -20*g = -132 + 32. Calculate the remainder when 55 is divided by g.
0
Suppose -5*y + 2*y = -24. Let g be 20/y - 1/(-2). Suppose g*k = -2*k + 5. Calculate the remainder when k is divided by 1.
0
Suppose -521 = -b - 4*q, 2*b = 5*q + 9 + 1072. Calculate the remainder when b is divided by 77.
71
Let i = 14 - 23. Let z = i - -15. Calculate the remainder when 16/2 - (16 + -18) is divided by z.
4
Suppose 0 = 10*k - 126 - 274. Let n(m) = 4*m - 5. Calculate the remainder when k is divided by n(4).
7
Let r(x) = -31*x - 104. Suppose -63 + 2 = -v. Suppose 0 = -3*n - w + v, -7*n + 4*w = -2*n - 113. What is the remainder when r(-6) is divided by n?
19
Suppose 6*p = 7*p - 4. Suppose -5*s - p*v = -619, 3*s + 124 = 4*s + v. Calculate the remainder when s is divided by 31.
30
Suppose 4*n = -4*t + 19 + 33, 2*n + 39 = 3*t. Calculate the remainder when 375 is divided by t.
11
Let d(b) = 2*b. Let q be d(2). Suppose a = -q*a + 65. Calculate the remainder when (-41 - -10)*2/(-1) is divided by a.
10
Let t be 18/81 + (-102)/(-27). Suppose -2*y - 8 = 0, -t*m - m - 5*y + 35 = 0. Calculate the remainder when 21 is divided by m.
10
Suppose 0 = -33*h + 18*h + 105. Calculate the remainder when 31 is divided by h.
3
Suppose 0 = -2*y + 8 + 6. Let j(z) = -z**2 - 14*z + 9. Calculate the remainder when j(-13) is divided by y.
1
Suppose -2*q + 14 = 2. Suppose 46 - 163 = -13*u. What is the remainder when u is divided by q?
3
Let n(i) = -i**3 - 10*i**2 - 12*i + 8. Calculate the remainder when n(-9) is divided by -2*7/2*20/(-7).
15
Suppose -31*y + 678 - 182 = 0. Calculate the remainder when 90 is divided by y.
10
Let w(c) = -c**3 - 16*c**2 + 14*c - 21. Suppose 0 = -2*i - 10*i + 1752. Calculate the remainder when i is divided by w(-17).
26
Suppose 426 = -6*n - 504. Let c = -124 - n. Calculate the remainder when c is divided by 24.
7
Suppose 45 = 7*h - 2*h. What is the remainder when h is divided by 6?
3
Suppose 23 = -4*k - 37. Let i = 19 + k. Suppose -i*q - 4*d + 32 = 0, 3*q - d = 6*q - 30. Calculate the remainder when 43 is divided by q.
10
Suppose -7*q + 3*q + 16 = 0. Let f(c) be the first derivative of -c**4/4 + 4*c**3/3 + 5*c**2/2 - 6*c - 14. What is the remainder when 53 is divided by f(q)?
11
Suppose 0 = 6*m - 9*m + 9. Suppose m*h = 5*g - 0*g - 1, 0 = -h - 4*g + 11. Calculate the remainder when 10 is divided by h.
1
Let k be (10/(-1))/((-12)/16